{"id":105,"date":"2024-09-11T08:27:20","date_gmt":"2024-09-11T08:27:20","guid":{"rendered":"https:\/\/parijs.kempenhorst.nl\/?page_id=105"},"modified":"2024-09-11T08:27:20","modified_gmt":"2024-09-11T08:27:20","slug":"dinsdag","status":"publish","type":"page","link":"https:\/\/londen.kempenhorst.nl\/?page_id=105","title":{"rendered":"Dinsdag"},"content":{"rendered":"\n<h2 class=\"wp-block-heading\">La D\u00e9fense<\/h2>\n\n\n\n<p>De wijk La D\u00e9fense is de grootste kantorenwijk van Europa. Hier werken overdag 150.000 mensen. In het congrescentrum CNIT worden conferenties gehouden en er zijn natuurlijk veel restaurants en hotels. Er is een groot winkelcentrum dat ook op zondag open is. In het winkelcentrum &#8220;Les Quatre Temps&#8221; zijn meer dan tweehonderd winkels en restaurants die zeven dagen per week open zijn. Hier is een grote bioscoop en veel restaurants.<\/p>\n\n\n\n<figure class=\"wp-block-image size-large is-resized\"><img decoding=\"async\" src=\"https:\/\/conteudo.imguol.com.br\/c\/entretenimento\/59\/2020\/10\/30\/la-defense-de-paris-1604060357631_v2_900x506.jpg\" alt=\"\" style=\"width:265px;height:auto\"\/><\/figure>\n\n\n\n<h2 class=\"wp-block-heading\">Notre Dame<\/h2>\n\n\n\n<p>Wist je dat de Notre Dame:<\/p>\n\n\n\n<ul class=\"wp-block-list\">\n<li>Gebouwd is tussen 1163 en 1345?<\/li>\n\n\n\n<li>\u00b7Gebouwd is op het Ile de la Cit\u00e9 (een eiland in de Seine)?<\/li>\n\n\n\n<li>De bronzen plaat voor de kathedraal het middelpunt van Parijs is?<\/li>\n\n\n\n<li>Op 15 april 2019 door een grote uitslaande brand deels verwoest is?<\/li>\n\n\n\n<li>Eind 2024 weer geheel heropend zal worden voor publiek?<\/li>\n<\/ul>\n\n\n\n<p>NOTRE-DAME: De Cath\u00e9drale Notre-Dame de Paris is een schitterend bouwwerk, gelegen op het \u00cfle de la Cit\u00e9, welke het best tot zijn recht komt vanaf het voorplein. Meer dan 2000 jaar geleden werden er op deze plaats al erediensten gehouden. Er ontstonden al een Gallo-Romeinse tempel, een christelijke basiliek en een Romaanse kerk voordat bisschop Maurice de Sully in 1163 opdracht gaf voor de bouw van deze prestigieuze kathedraal welke in 1345 was voltooid. De kathedraal werd weer belangrijk toen deze opnieuw werd ingewijd in 1801 voor het katholieke geloof. Napoleon werd er door de Paus een paar jaar later in gekroond. Althans, de Paus was aanwezig op het moment dat Napoleon de kroon op zijn eigen hoofd zette. De Notre-Dame werd pas echt wereldberoemd na het boek van Victor Hugo, \u201cDe klokkenluider van de Notre-Dame\u201d uit 1831.<\/p>\n\n\n\n<figure class=\"wp-block-image size-large is-resized\"><img decoding=\"async\" src=\"https:\/\/historiek.net\/wp-content\/uploads-phistor1\/2019\/04\/dd-2019.04.16-8.jpg.webp\" alt=\"\" style=\"width:257px;height:auto\"\/><\/figure>\n\n\n\n<h2 class=\"wp-block-heading\">D\u00f4me des Invalides<\/h2>\n\n\n\n<p>Wist je dat:<\/p>\n\n\n\n<ul class=\"wp-block-list\">\n<li>De D\u00f4me des Invalides in eerste instantie een opvang was voor alle oorlogsslachtoffers?<\/li>\n\n\n\n<li>Het praalgraf van Napoleon precies onder de gouden koepel ligt?<\/li>\n\n\n\n<li>De grafkist van&nbsp; Napoleon bestaat uit 5 lagen (blik, mahonie, lood (2 lagen), ebbenhout)?<\/li>\n\n\n\n<li>Het graf van Napoleon zo geplaatst is dat je of voor hem moet buigen, of tegen hem opkijkt?<\/li>\n\n\n\n<li>Napoleon zichzelf tot keizer liet kronen op 2 dec 1804 in de Notre Dame?<\/li>\n<\/ul>\n\n\n\n<p>H\u00f4tel des Invalides met een gouden koepel. Het ligt maar zo\u2019n 2 kilometer van de Eiffeltoren vandaan. Het complex bekend als het H\u00f4tel National des Invalides werd in 1671 opgericht door Louis XIV, de zonnekoning. Hij wilde gehandicapte en verarmde oorlogsveteranen van een onderkomen voorzien.&nbsp;De kerk van de Invalides is van verre zichtbaar in alle delen van Parijs dankzij de vergulde koepel met gouden bladeren. Het ligt in het 7e arrondissement, aan het einde van de grote laan met dezelfde naam. Deze laan is erg populair bij de Parijzenaars als het mooi weer is.&nbsp;Het is in een prachtige locatie, met uitzicht op de rivier de Seine en aan de voorzijde van de brug van Alexandre III en het Grand Palais.<\/p>\n\n\n\n<figure class=\"wp-block-image size-large is-resized\"><img decoding=\"async\" src=\"https:\/\/upload.wikimedia.org\/wikipedia\/commons\/thumb\/0\/00\/D%C3%B4me_des_Invalides.JPG\/1024px-D%C3%B4me_des_Invalides.JPG\" alt=\"\" style=\"width:253px;height:auto\"\/><\/figure>\n\n\n\n<h2 class=\"wp-block-heading\">Pont Alexandre III<\/h2>\n\n\n\n<p>Pont Alexandre III is \u00e9\u00e9n van de mooiste bruggen in Parijs over de Seine. De brug is rijkelijk versierd met lantaarns, cherubijnen, nimfen en vier gevleugelde gouden paarden. Een brug die gelijk opvalt en een goed voorbeeld is van Art Nouveau. De brug is ontworpen door Jean R\u00e9sal, Am\u00e9d\u00e9e D\u2019Alby, Cassien-Bernard en Gaston Cousin. De paarden zijn ontworpen door verschillende kunstenaar en geplaatst op sokkels. De boog van de brug heeft een hoogte van 6 meter. De brug is gemaakt van metaal. In totaal is Pont Alexandre III 45 meter breed en 160 meter lang. Sinds 1975 wordt deze brug gezien als een historisch monument.<\/p>\n\n\n\n<p>Pont Alexandre III werd, net zoals het Grand Palais en Petit Palais, gebouwd voor de wereldtentoonstelling in 1900. Deze tentoonstelling vond aan beide kanten plaats. Daarom was een brug wel handig en waarom dan niet gelijk een brug die onderdeel is van de tentoonstelling?<\/p>\n\n\n\n<figure class=\"wp-block-image size-large is-resized\"><img decoding=\"async\" src=\"https:\/\/upload.wikimedia.org\/wikipedia\/commons\/thumb\/7\/7d\/Pont_Alexandre_III_Tour_Eiffel_depuis_pont_Concorde.jpg\/1280px-Pont_Alexandre_III_Tour_Eiffel_depuis_pont_Concorde.jpg\" alt=\"\" style=\"width:268px;height:auto\"\/><\/figure>\n\n\n\n<h2 class=\"wp-block-heading\">Arc de Triomphe<\/h2>\n\n\n\n<p>De Arc de Triomphe, of Triomfboog, werd ontworpen door Jean-Fran\u00e7ois Chalgrin ter ere van de overwinningen van Napoleon I in Austerlitz (1805). De Arc is de een na grootste bestaande triomfboog en gebaseerd op de Romeinse Ark van Titus. De triomfboog is circa 51 meter hoog en 45 meter breed. De unieke breedte blijkt wel uit het feit dat het de Fransman Charles Godefroy in 1919 lukte om met zijn vliegtuig door de boog te vliegen.<\/p>\n\n\n\n<p>Onder de boog plaatste men in 1921 het graf van de onbekende soldaat. Binnenin bevindt zich een gedraaide trap met 284 treden en een lift. Vanaf het dak krijg je een prachtig beeld van de Parijse stedenbouwkundige stadsontwikkeling in de 19e eeuw.<\/p>\n\n\n\n<p>Je treft de indrukwekkende&nbsp;Arc de Triomphe&nbsp;nabij de&nbsp;Champs-\u00c9lys\u00e9es&nbsp;op het verkeersplein Charles de Gaulle, \u00e9\u00e9n van de drukste verkeerspleinen van Parijs.<\/p>\n\n\n\n<figure class=\"wp-block-image size-large is-resized\"><img decoding=\"async\" src=\"https:\/\/upload.wikimedia.org\/wikipedia\/commons\/thumb\/7\/79\/Arc_de_Triomphe%2C_Paris_21_October_2010.jpg\/1024px-Arc_de_Triomphe%2C_Paris_21_October_2010.jpg\" alt=\"\" style=\"width:278px;height:auto\"\/><\/figure>\n\n\n\n<h2 class=\"wp-block-heading\">Champs Elys\u00e9es<\/h2>\n\n\n\n<p>De bekendste en mooiste winkelstraat van Parijs is&nbsp;Avenue des Champs-\u00c9lys\u00e9es. De lange avenue loopt van het&nbsp;Louvre&nbsp;in het centrum tot aan zakenwijk la D\u00e9fense in het westen.<\/p>\n\n\n\n<figure class=\"wp-block-embed is-type-video is-provider-youtube wp-block-embed-youtube wp-embed-aspect-16-9 wp-has-aspect-ratio\"><div class=\"wp-block-embed__wrapper\">\n<iframe loading=\"lazy\" title=\"Joe Dassin - Les Champs-Elys\u00e9es (Lyrics Video)\" width=\"640\" height=\"360\" src=\"https:\/\/www.youtube.com\/embed\/1JhYYUWOBBs?feature=oembed\" frameborder=\"0\" allow=\"accelerometer; autoplay; clipboard-write; encrypted-media; gyroscope; picture-in-picture; web-share\" referrerpolicy=\"strict-origin-when-cross-origin\" allowfullscreen><\/iframe>\n<\/div><\/figure>\n\n\n\n<p>Aan Avenue des Champs-\u00c9lys\u00e9es vind je exclusieve boetieks van grote modehuizen en kom je een tal aan bekende winkelketens tegen. Alle logo&#8217;s en reclameborden van de winkels aan de avenue zijn in de kleur wit. Dit is een eis van de&nbsp;stad Parijs&nbsp;om het chique imago van de avenue te behouden. Naast de vele winkels kom je op de&nbsp;Champs-\u00c9lys\u00e9es&nbsp;een tal aan eetgelegenheden tegen: van dure restaurants tot eenvoudige broodjeszaken. De winkels aan de Champs-\u00c9lys\u00e9es hebben zeer wisselende openingstijden.<\/p>\n\n\n\n<h2 class=\"wp-block-heading\">Metro Georges V<\/h2>\n\n\n\n<p>George V&nbsp;is een station van de&nbsp;Parijse metro&nbsp;aan&nbsp;lijn 1. Dit station ligt onder de boulevard&nbsp;Champs-\u00c9lys\u00e9es&nbsp;en tussen stations&nbsp;Charles de Gaulle &#8211; \u00c9toile&nbsp;en&nbsp;Franklin D. Roosevelt. Het station is op&nbsp;13 augustus&nbsp;1900&nbsp;geopend en is indirect genoemd naar&nbsp;George V van het Verenigd Koninkrijk, gelegen als het is aan de&nbsp;<em>Avenue George V<\/em>. Tot 27 mei 1920 heette het station&nbsp;<em>Alma<\/em>.<\/p>\n\n\n\n<figure class=\"wp-block-image size-large is-resized\"><img decoding=\"async\" src=\"https:\/\/upload.wikimedia.org\/wikipedia\/commons\/thumb\/b\/bc\/Acc%C3%A8s_Station_M%C3%A9tro_George_V_Avenue_Champs_%C3%89lys%C3%A9es_-_Paris_VIII_%28FR75%29_-_2021-12-21_-_3.jpg\/800px-Acc%C3%A8s_Station_M%C3%A9tro_George_V_Avenue_Champs_%C3%89lys%C3%A9es_-_Paris_VIII_%28FR75%29_-_2021-12-21_-_3.jpg?20211221223233\" alt=\"\" style=\"width:267px;height:auto\"\/><\/figure>\n\n\n\n<h2 class=\"wp-block-heading\">Pont d&#8217;Alma<\/h2>\n\n\n\n<p>De&nbsp;Pont de l&#8217;Alma&nbsp;is een&nbsp;brug&nbsp;in&nbsp;Parijs&nbsp;over de&nbsp;Seine, tussen de&nbsp;Avenue de New York&nbsp;en de&nbsp;Quai Branly. De brug ligt in de wijk Alma, die haar naam dankt aan de&nbsp;Slag aan de Alma, de eerste Frans-Britse overwinning in de&nbsp;Krimoorlog&nbsp;(1854).<\/p>\n\n\n\n<p>De Pont de l&#8217;Alma is met 42 meter de breedste brug van Parijs. De brug overspant de Seine met twee asymmetrische&nbsp;travee\u00ebn, waarvan de langste een reikwijdte heeft van 110 m. In totaal is de brug 153 meter lang. De brug werd gebouwd van&nbsp;1854&nbsp;tot&nbsp;1856&nbsp;onder leiding van&nbsp;Hyacinthe Gariel&nbsp;en werd ingewijd op 2 april 1856 door&nbsp;Napoleon III.<\/p>\n\n\n\n<figure class=\"wp-block-image size-large is-resized\"><img decoding=\"async\" src=\"https:\/\/upload.wikimedia.org\/wikipedia\/commons\/thumb\/a\/af\/Pont_de_l%27Alma%2C_Paris_5_December_2016.jpg\/640px-Pont_de_l%27Alma%2C_Paris_5_December_2016.jpg\" alt=\"\" style=\"width:291px;height:auto\"\/><\/figure>\n\n\n\n<h2 class=\"wp-block-heading\">De Seine<\/h2>\n\n\n\n<p>Wist je dat:<\/p>\n\n\n\n<ul class=\"wp-block-list\">\n<li>De Seine 776 km lang is?<\/li>\n\n\n\n<li>De oevers in Parijs werelderfgoed zijn?<\/li>\n\n\n\n<li>Op Ile de La Cit\u00e9 de eerste inwoners van Parijs zich vestigden?<\/li>\n\n\n\n<li>Een rondvaart over de Seine 1 uur duurt?<\/li>\n\n\n\n<li>Er tijdens de Olympische Spelen van 2024 wedstrijden hebben plaatsgevonden in de Seine?<\/li>\n<\/ul>\n\n\n\n<p>De Seine stroomt voor 12,7 km door Parijs tussen de bruggen van de P\u00e9riph\u00e9rique. Op z\u2019n breedst is hij 200 m bij de Pont de Grenelle, op z\u2019n smalst 85 m bij de Passerelle Senghor, en zijn diepte is 3,4-5,7 m. Vanwege het verval van 275 m3 per seconde is in de loop der tijd een groot aantal stuwdammen en sluizen gebouwd ten oosten en westen van de stad.<\/p>\n\n\n\n<figure class=\"wp-block-image size-large is-resized\"><img loading=\"lazy\" decoding=\"async\" width=\"1024\" height=\"683\" src=\"https:\/\/londen.kempenhorst.nl\/wp-content\/uploads\/2024\/05\/rondvaart-seine-1024x683.jpg\" alt=\"\" class=\"wp-image-20\" style=\"width:282px;height:auto\" srcset=\"https:\/\/londen.kempenhorst.nl\/wp-content\/uploads\/2024\/05\/rondvaart-seine-1024x683.jpg 1024w, https:\/\/londen.kempenhorst.nl\/wp-content\/uploads\/2024\/05\/rondvaart-seine-300x200.jpg 300w, https:\/\/londen.kempenhorst.nl\/wp-content\/uploads\/2024\/05\/rondvaart-seine-768x512.jpg 768w, https:\/\/londen.kempenhorst.nl\/wp-content\/uploads\/2024\/05\/rondvaart-seine-1536x1024.jpg 1536w, https:\/\/londen.kempenhorst.nl\/wp-content\/uploads\/2024\/05\/rondvaart-seine-850x567.jpg 850w, https:\/\/londen.kempenhorst.nl\/wp-content\/uploads\/2024\/05\/rondvaart-seine.jpg 1600w\" sizes=\"auto, (max-width: 1024px) 100vw, 1024px\" \/><\/figure>\n","protected":false},"excerpt":{"rendered":"<p>La D\u00e9fense De wijk La D\u00e9fense is de grootste kantorenwijk van Europa. Hier werken overdag 150.000 mensen. In het congrescentrum CNIT worden conferenties gehouden en er zijn natuurlijk veel restaurants en hotels. Er is een groot winkelcentrum dat ook op zondag open is. In het winkelcentrum &#8220;Les Quatre Temps&#8221; zijn meer dan tweehonderd winkels en&#8230;<\/p>\n","protected":false},"author":1,"featured_media":0,"parent":0,"menu_order":0,"comment_status":"closed","ping_status":"closed","template":"","meta":{"footnotes":""},"class_list":["post-105","page","type-page","status-publish","hentry"],"_links":{"self":[{"href":"https:\/\/londen.kempenhorst.nl\/index.php?rest_route=\/wp\/v2\/pages\/105","targetHints":{"allow":["GET"]}}],"collection":[{"href":"https:\/\/londen.kempenhorst.nl\/index.php?rest_route=\/wp\/v2\/pages"}],"about":[{"href":"https:\/\/londen.kempenhorst.nl\/index.php?rest_route=\/wp\/v2\/types\/page"}],"author":[{"embeddable":true,"href":"https:\/\/londen.kempenhorst.nl\/index.php?rest_route=\/wp\/v2\/users\/1"}],"replies":[{"embeddable":true,"href":"https:\/\/londen.kempenhorst.nl\/index.php?rest_route=%2Fwp%2Fv2%2Fcomments&post=105"}],"version-history":[{"count":1,"href":"https:\/\/londen.kempenhorst.nl\/index.php?rest_route=\/wp\/v2\/pages\/105\/revisions"}],"predecessor-version":[{"id":106,"href":"https:\/\/londen.kempenhorst.nl\/index.php?rest_route=\/wp\/v2\/pages\/105\/revisions\/106"}],"wp:attachment":[{"href":"https:\/\/londen.kempenhorst.nl\/index.php?rest_route=%2Fwp%2Fv2%2Fmedia&parent=105"}],"curies":[{"name":"wp","href":"https:\/\/api.w.org\/{rel}","templated":true}]}}